{"id":25,"date":"2022-03-17T14:09:47","date_gmt":"2022-03-17T14:09:47","guid":{"rendered":"https:\/\/raspi.java4u.ch\/?page_id=25"},"modified":"2022-06-30T15:44:11","modified_gmt":"2022-06-30T15:44:11","slug":"startseite","status":"publish","type":"page","link":"https:\/\/raspi-4-edu.ch\/","title":{"rendered":"Startseite"},"content":{"rendered":"\n<p>Auf dieser Site geht es um <em>Physical Computing<\/em>. Damit <em>Physical Computing<\/em> \u00abgemacht\u00bb werden kann, ben\u00f6tigt man ein Ger\u00e4t, mit welchem das m\u00f6glich ist. Wir haben uns f\u00fcr den Raspberry Pi entschieden.<\/p>\n\n\n\n<p>Wenn Sie nach Unterrichtsideen, einer Installationsanleitung oder Tipps und Tricks f\u00fcr den Einsatz des Raspberry Pi&#8217;s in der Sekundarstufe I suchen, sind Sie hier v\u00f6llig richtig.<\/p>\n\n\n\n<p>An dieser Stelle finden Sie Unterrichtsideen im Zusammenhang mit dem genannten Raspberry Pi  und den im Schweizerischen Lehrplan 21 genannten Kompetenzen.<\/p>\n\n\n\n<p>Sollten Sie Fragen oder Anregungen haben, z\u00f6gern Sie nicht uns diese Mitzuteilen. <\/p>\n","protected":false},"excerpt":{"rendered":"<p>Auf dieser Site geht es um Physical Computing. Damit Physical Computing \u00abgemacht\u00bb werden kann, ben\u00f6tigt man ein Ger\u00e4t, mit welchem das m\u00f6glich ist. Wir haben uns f\u00fcr den Raspberry Pi entschieden. Wenn Sie nach Unterrichtsideen, einer Installationsanleitung oder Tipps und Tricks f\u00fcr den Einsatz des Raspberry Pi&#8217;s in der Sekundarstufe I suchen, sind Sie hier &hellip; <\/p>\n<p class=\"link-more\"><a href=\"https:\/\/raspi-4-edu.ch\/\" class=\"more-link\"><span class=\"screen-reader-text\">\u201eStartseite\u201c <\/span>weiterlesen<\/a><\/p>\n","protected":false},"author":1,"featured_media":0,"parent":0,"menu_order":0,"comment_status":"closed","ping_status":"closed","template":"","meta":{"footnotes":""},"class_list":["post-25","page","type-page","status-publish","hentry"],"_links":{"self":[{"href":"https:\/\/raspi-4-edu.ch\/index.php?rest_route=\/wp\/v2\/pages\/25","targetHints":{"allow":["GET"]}}],"collection":[{"href":"https:\/\/raspi-4-edu.ch\/index.php?rest_route=\/wp\/v2\/pages"}],"about":[{"href":"https:\/\/raspi-4-edu.ch\/index.php?rest_route=\/wp\/v2\/types\/page"}],"author":[{"embeddable":true,"href":"https:\/\/raspi-4-edu.ch\/index.php?rest_route=\/wp\/v2\/users\/1"}],"replies":[{"embeddable":true,"href":"https:\/\/raspi-4-edu.ch\/index.php?rest_route=%2Fwp%2Fv2%2Fcomments&post=25"}],"version-history":[{"count":6,"href":"https:\/\/raspi-4-edu.ch\/index.php?rest_route=\/wp\/v2\/pages\/25\/revisions"}],"predecessor-version":[{"id":204,"href":"https:\/\/raspi-4-edu.ch\/index.php?rest_route=\/wp\/v2\/pages\/25\/revisions\/204"}],"wp:attachment":[{"href":"https:\/\/raspi-4-edu.ch\/index.php?rest_route=%2Fwp%2Fv2%2Fmedia&parent=25"}],"curies":[{"name":"wp","href":"https:\/\/api.w.org\/{rel}","templated":true}]}}