{"id":62,"date":"2022-03-23T09:10:33","date_gmt":"2022-03-23T09:10:33","guid":{"rendered":"https:\/\/raspi.java4u.ch\/?page_id=62"},"modified":"2022-06-30T16:04:43","modified_gmt":"2022-06-30T16:04:43","slug":"benoetigte-hardware-software","status":"publish","type":"page","link":"https:\/\/raspi-4-edu.ch\/?page_id=62","title":{"rendered":"Ben\u00f6tigte Hardware"},"content":{"rendered":"\n<p>Wenn Sie mit ihrer Klasse die vorliegenden Unterrichtsideen umsetzen wollen. Wird folgende Hardware empfohlen:<\/p>\n\n\n\n<ul class=\"wp-block-list\"><li>1 &#8211; Raspberry Pi 4 Kit (Version B) (die Aufgaben k\u00f6nnen auch mit dem Raspberry Pi 3 gel\u00f6st werden)<ul><li>Version 4 GB oder 8 GB<\/li><li>Kostenpunkt f\u00fcr die 8 GB Version mit einer 32 GB SD-Karte ca. 140 CHF (eine 2 GB Version ist bereits f\u00fcr 110 CHF zu haben)<\/li><\/ul><\/li><li>1 &#8211; GrovePI+ (Starter Kit for Raspberry Pi)<ul><li>Kostenpunkt ca. 90 CHF<\/li><\/ul><\/li><li>1 &#8211; (Optional) Ethernetkabel (f\u00fcr den Anschluss des Raspberry Pi an das interne Netzwerk). Der Raspberry Pi 4 (Version B) verf\u00fcgt \u00fcber die M\u00f6glichkeit \u00fcber WLAN auf ein Netzwerk zuzugreifen.<\/li><li>1 &#8211; Kamera f\u00fcr den Raspberry Pi<ul><li>Kostenpunkt ca. 35 CHF<\/li><\/ul><\/li><\/ul>\n\n\n\n<p>Die Preise k\u00f6nnen aufgrund von Lieferengp\u00e4ssen und Nachfrage stark variieren. Die ungef\u00e4hren Preisangaben sind vom Mai 2022.<\/p>\n\n\n\n<p>F\u00fcr den Zugriff auf den Raspberry Pi stehen zwei Alternativen zur Verf\u00fcgung: (F\u00fcr den ersten Start von Raspberry Pi empfiehlt es sich einen Bildschirm, eine Tastatur und eine Mauss anzuschliessen).<\/p>\n\n\n\n<h2 class=\"wp-block-heading\">Variante Bildschirm, Tastatur &amp; Maus<\/h2>\n\n\n\n<p>Bei dieser Variante ist zus\u00e4tzlich folgende weitere Hardware n\u00f6tig:<\/p>\n\n\n\n<ul class=\"wp-block-list\"><li>1 &#8211; Bildschirm<\/li><li>1 &#8211; Tastatur (mit USB-Anschluss)<\/li><li>1 &#8211; Maus (mit USB-Anschluss)<\/li><li>HDMI-Kabel (f\u00fcr den Anschluss des Raspberry Pis an den Bildschirm). Das HDMI-Kabel muss \u00fcber einen \u00abMicro HDMI\u00bb Stecker verf\u00fcgen.<\/li><\/ul>\n\n\n\n<h2 class=\"wp-block-heading\">Variante Secure Shell<\/h2>\n\n\n\n<p>F\u00fcr diese Variante muss ein Computer oder Laptop zur Verf\u00fcgung stehen. Die Verbindung wird \u00fcber das Netzwerk mit Hilfe einer sicheren Verbindung hergestellt (ssh).<\/p>\n\n\n\n<p>Informationen zur Inbetriebnahme finden sie unter <a href=\"https:\/\/raspi-4-edu.ch\/?page_id=52\" data-type=\"page\" data-id=\"52\">Installation &amp; <\/a><a href=\"https:\/\/raspi-4-edu.ch\/?page_id=52\" data-type=\"page\" data-id=\"52\" target=\"_blank\" rel=\"noreferrer noopener\">Konfiguration<\/a><\/p>\n","protected":false},"excerpt":{"rendered":"<p>Wenn Sie mit ihrer Klasse die vorliegenden Unterrichtsideen umsetzen wollen. Wird folgende Hardware empfohlen: 1 &#8211; Raspberry Pi 4 Kit (Version B) (die Aufgaben k\u00f6nnen auch mit dem Raspberry Pi 3 gel\u00f6st werden) Version 4 GB oder 8 GB Kostenpunkt f\u00fcr die 8 GB Version mit einer 32 GB SD-Karte ca. 140 CHF (eine 2 &hellip; <\/p>\n<p class=\"link-more\"><a href=\"https:\/\/raspi-4-edu.ch\/?page_id=62\" class=\"more-link\"><span class=\"screen-reader-text\">\u201eBen\u00f6tigte Hardware\u201c <\/span>weiterlesen<\/a><\/p>\n","protected":false},"author":1,"featured_media":0,"parent":0,"menu_order":0,"comment_status":"closed","ping_status":"closed","template":"","meta":{"footnotes":""},"class_list":["post-62","page","type-page","status-publish","hentry"],"_links":{"self":[{"href":"https:\/\/raspi-4-edu.ch\/index.php?rest_route=\/wp\/v2\/pages\/62","targetHints":{"allow":["GET"]}}],"collection":[{"href":"https:\/\/raspi-4-edu.ch\/index.php?rest_route=\/wp\/v2\/pages"}],"about":[{"href":"https:\/\/raspi-4-edu.ch\/index.php?rest_route=\/wp\/v2\/types\/page"}],"author":[{"embeddable":true,"href":"https:\/\/raspi-4-edu.ch\/index.php?rest_route=\/wp\/v2\/users\/1"}],"replies":[{"embeddable":true,"href":"https:\/\/raspi-4-edu.ch\/index.php?rest_route=%2Fwp%2Fv2%2Fcomments&post=62"}],"version-history":[{"count":11,"href":"https:\/\/raspi-4-edu.ch\/index.php?rest_route=\/wp\/v2\/pages\/62\/revisions"}],"predecessor-version":[{"id":211,"href":"https:\/\/raspi-4-edu.ch\/index.php?rest_route=\/wp\/v2\/pages\/62\/revisions\/211"}],"wp:attachment":[{"href":"https:\/\/raspi-4-edu.ch\/index.php?rest_route=%2Fwp%2Fv2%2Fmedia&parent=62"}],"curies":[{"name":"wp","href":"https:\/\/api.w.org\/{rel}","templated":true}]}}